-3)/s)*26?
24
Let x = 22 + -9. Suppose x = 10*s - 9*s. Calculate the remainder when 37 is divided by s.
11
Suppose -45*t - 11*t = -3864. Calculate the remainder when t is divided by 50.
19
Let g(o) be the first derivative of o**3/3 + 4*o**2 - 11*o + 3. Let s be g(-9). What is the remainder when -28*s/(16/10) is divided by 18?
17
Suppose 3*r + 4 - 9 = z, -3*z = 2*r - 18. Let x = 38 - r. What is the remainder when x is divided by 18?
17
Suppose 5*t + 0 = 4*b - 19, -28 = -4*b - 4*t. What is the remainder when 14 is divided by b?
2
Let k(w) = -w**2 + 10*w - 10. Calculate the remainder when 54/(-135) + 164/10 is divided by k(8).
4
Suppose 21*s = 20*s. Suppose 61 = -3*q + 151. Suppose 8*c - 6*c - q = s. Calculate the remainder when 27 is divided by c.
12
Suppose -73 = -3*i - 4*w, -3*i + i + 3*w + 26 = 0. Suppose 32 + i = z. What is the remainder when z is divided by 13?
12
Let x(j) = -j - 12. Let m be x(-7). Let z(y) = -37*y - 8. What is the remainder when z(m) is divided by 45?
42
Suppose -2*t + 5*y - 24 = -190, 2 = -y. Suppose -8*d = -2*d - t. Calculate the remainder when 63 is divided by d.
11
What is the remainder when (12/(-16))/(3/(-12)) + 60 is divided by 17?
12
Let w = -1011 - -1049. Calculate the remainder when 101 is divided by w.
25
Suppose -29*s + 38*s - 9 = 0. What is the remainder when 1 is divided by s?
0
Let u = 1499 - 1471. What is the remainder when u is divided by 9?
1
Suppose 0 = -0*r + 2*r + 8, 0 = 4*d + r - 228. Calculate the remainder when d is divided by -5 + (-119)/(-5 - 2).
10
Suppose 5*p + 0*p - 100 = 0. What is the remainder when (-30)/(-6) - (-188)/(-2 - -4) is divided by p?
19
Let x be 1 + (-434)/((-10)/5). Suppose -x = -2*i + 3*a, -2*i - 2*i + 436 = -4*a. Calculate the remainder when i is divided by 23.
17
Suppose -g = -5*k + 40, -5*g + 6*g = 3*k - 22. Let j = 82 - 49. Calculate the remainder when j is divided by k.
6
Calculate the remainder when 205 is divided by (99 - 106) + 110/1.
102
Let p(o) = 534*o - 11. Calculate the remainder when p(2) is divided by 46.
45
Let c = -134 - -156. Calculate the remainder when 41 is divided by c.
19
Let j be ((-42)/9)/7*30. What is the remainder when (-617)/(-5) - (-8)/j is divided by 31?
30
Let k = 27 - 15. Suppose 2 = 5*p - 3, -5*w + k = -3*p. Calculate the remainder when 5 is divided by w.
2
Suppose 17*h - 7*h = 2260. What is the remainder when h is divided by 85?
56
Let l be ((-72)/(-54))/(8/30). Suppose -l*x = -3*x - 4. Calculate the remainder when 7 is divided by x.
1
Let a be -2*(0 - (-111)/6). Let d(f) = -5*f**2 + 11*f + 8. Let x be d(5). Let p = a - x. Calculate the remainder when 47 is divided by p.
22
Let n = 341 - 175. What is the remainder when n is divided by 10?
6
Let u(g) = 3*g + g - 2*g - 6 + 0*g. Let s(w) = -w**3 - 8*w**2 - 2*w - 8. Let h be s(-8). What is the remainder when u(h) is divided by 7?
3
Suppose -108 = 247*k - 256*k. Let i = 6 + -4. Calculate the remainder when k is divided by i.
0
Let b(a) = -a - 5. Let w(p) = -6*p - 36. Let u(q) = -15*b(q) + 2*w(q). Let x be 20/5*(-1 - -2). Calculate the remainder when u(x) is divided by 9.
6
Suppose 280 = 4*r - 45*y + 40*y, 0 = 3*r + 5*y - 210. Calculate the remainder when 108 is divided by r.
38
Suppose 12*o - 1 = 671. What is the remainder when o is divided by 10?
6
Let t = -16 + 32. Let q(j) = 30*j**3 - j. Let r(z) = -30*z**3 + z. Let v(l) = -4*q(l) - 5*r(l). Calculate the remainder when v(1) is divided by t.
13
Let j(b) = b**3 + 5*b**2 - 7*b + 11. Calculate the remainder when 214 is divided by j(-4).
49
Let p = 55 + -15. What is the remainder when p is divided by 27?
13
Let o(m) = m**2 + 3*m + 3. Let d = -19 - -29. Calculate the remainder when -1*10*d/(-4) is divided by o(-4).
4
Let m(t) = -t**3 + 10*t**2 - 6*t - 13. Let x be 10/(-20) - 1/(-2). Let j be x + (3 + -6)*-3. What is the remainder when m(j) is divided by 6?
2
What is the remainder when 7*((-25)/35 - -7) is divided by 2?
0
Let h(b) = -57*b - 1. Let o be h(-1). Suppose p + 3*p = -o. Let x(f) = f**2 + 11*f + 3. Calculate the remainder when x(p) is divided by 24.
21
Suppose w + w - 2 = 0. Let d = w - -3. Calculate the remainder when (-16 - 28/7)/(-2) is divided by d.
2
Let r(v) be the first derivative of 3*v**2 + 6*v - 11. Calculate the remainder when r(3) is divided by 7.
3
Let f = -211 + 230. Calculate the remainder when f is divided by 10.
9
Suppose j = -15 - 14. Let u = -19 - j. What is the remainder when 28 is divided by u?
8
Let p = -2574 - -2730. Calculate the remainder when p is divided by 41.
33
Suppose g = -0*g - 21. Let n be (-48)/g - (-10)/(-35). What is the remainder when 55 is divided by n/8 + 115/4?
26
Let h(x) = -x**3 - 2*x**2 + 2*x - 4. Let m be h(-4). Let u = m - 18. Suppose -u*d + 28 = -16. What is the remainder when d is divided by 8?
6
Suppose -80*p + 153 = -77*p. What is the remainder when 184 is divided by p?
31
Let r(b) = -2*b**2 + 7*b - 6. Let u be r(18). Calculate the remainder when 124 is divided by u/(-21) + 4/(-28).
24
Suppose 0 + 24 = a. Calculate the remainder when 9/2*(-16)/(-6) is divided by (-36)/(-10) + a/(-40).
0
Calculate the remainder when (-33)/88 + 1483/8 is divided by 47.
44
Let t(p) = -12*p - 43. Calculate the remainder when 28 is divided by t(-5).
11
Suppose 2*o - 5*k - 18 = 0, -o + 30*k - 33*k + 31 = 0. What is the remainder when 377 is divided by o?
16
What is the remainder when (-16)/(-56) + (1718/14 - -2) is divided by 7?
6
Calculate the remainder when 76 is divided by -1 + 155/15 + 30/18.
10
Let h = 445 - 433. Let v(l) = -76*l + 1. Let t be v(-2). What is the remainder when 24/9*t/h is divided by 7?
6
Let h be (-2)/5 - (-96)/15. Let j = h - 7. What is the remainder when 37 is divided by (45/36)/(j/(-8))?
7
Let p = -282 + 375. Calculate the remainder when p is divided by 8.
5
Let f = -714 + 766. What is the remainder when 257 is divided by f?
49
Let n be (91 - 1) + (-6 + -1 - -6). Suppose -n = -12*t + 127. Calculate the remainder when 35 is divided by t.
17
Let l be -1*16 + 3*-1. Let o = l + 44. What is the remainder when (-2 + 8)/(-5 + 305/60) is divided by o?
22
Suppose -3*o + 3*x + 133 = o, -2*o - 5*x + 47 = 0. Let j = 22 + -19. Suppose r - 3 - 2 = j*w, 0 = 5*r + 4*w - 63. What is the remainder when o is divided by r?
9
Suppose 0 = -4*p + 16, -2*f + 3*f + 5*p = 451. What is the remainder when f is divided by 12?
11
Suppose 11*z + 170 = 280. Calculate the remainder when 97 is divided by z.
7
Let t be (-3)/5*5/(-6)*46. Let c(a) = -a**3 + 24*a**2 - 20*a - 38. What is the remainder when c(t) is divided by ((-22)/4)/(2/(-4))?
9
Let k(a) = 17*a + 91. Calculate the remainder when 24 is divided by k(-5).
0
What is the remainder when 1077 is divided by 0 + (-1 + 5 - 3) - -71?
69
Suppose -6 = h + 5*z, 5*z = h - 8 - 26. Let o be -54*(-3 - (-28)/12). Suppose -o = 4*d - 140. What is the remainder when d is divided by h?
12
Suppose -9*h + 1062 = -1692. Calculate the remainder when h is divided by 22.
20
Let b(g) = 18*g - 1. Let w = 122 - 114. What is the remainder when b(1) is divided by w?
1
Suppose -3*x = -5*b - 20, 3*b - 13 = 3*x - 43. Suppose 0 = -7*t + x + 90. Calculate the remainder when 86 is divided by t.
11
Let l(f) = -2*f + 14 - 2*f + 5*f. Let c be l(-15). Let q(v) = -10*v + 2. What is the remainder when 46 is divided by q(c)?
10
Calculate the remainder when 122 is divided by 7 - 8*12/(-8).
8
Let v(b) = b**3 - 14*b**2 - 13*b + 31. What is the remainder when v(16) is divided by 84?
83
Let z = -14 + 6. What is the remainder when 30/(-12)*48/(-10) is divided by z/(-3)*(-3)/(-2)?
0
Let z(n) = 392*n**2 + 6*n - 7. What is the remainder when z(1) is divided by 49?
48
Let r = 194 + -180. What is the remainder when 28 is divided by r?
0
Suppose 54 = -9*z + 10*z + 2*o, 5*o + 255 = 5*z. Let y(h) = -h + 3. What is the remainder when z is divided by y(-8)?
8
Let g(h) = 5*h**3 - 2*h**2 + 3*h - 3. Let b be g(2). Let f = 49 - b. Calculate the remainder when 67 is divided by f.
11
Suppose 18*p - 13*p + 220 = 0. Let t = p - -56. Suppose -42 = -z - z. What is the remainder when z is divided by t?
9
Calculate the remainder when (70/(-21))/(-10) - 1959/(-9) is divided by 55.
53
Let v(d) be the second derivative of -d**3/6 - 3*d**2 - 35*d. Calculate the remainder when 2 + ((-28)/(-2) - 1) is divided by v(-14).
7
Let q(o) = o + 2